. What is the remainder when 60 is divided by z?
3
Let i(b) = 12*b**2 - 899*b + 20. Calculate the remainder when i(75) is divided by 36.
23
Let a(q) = -3 + 4 + 3*q + 9*q**3 - 4*q - q**2. Let t(h) = -h**2 + 33*h + 379. Let r be t(42). Calculate the remainder when a(r) is divided by 4.
0
Let y be (-26)/((-2 + 1)/((-91)/(-7))). Suppose -2*k - 5*z + y = 0, -k + z = 2*k - 541. Calculate the remainder when k is divided by 20.
19
Suppose 0 = -2*h + 5*j + 19, -4*j + 6 = -4*h + 14. Let y = h + 18. Calculate the remainder when 40 is divided by y.
10
Suppose 506 + 2860 = 17*z. Suppose 490*j - 487*j - z = 0. What is the remainder when 195 is divided by j?
63
Suppose 2*p - 3*p = -13. Suppose -3*g = 3*t - 30, p = -3*g - 4*t + 43. Suppose 119 = g*c - 91. Calculate the remainder when 40 is divided by c.
19
Let h = -335 - -285. Let m = h + 125. Calculate the remainder when m is divided by 6.
3
Let r = 44 - 36. Suppose 2*h - r = -f, 5*f + 0 + 8 = -2*h. What is the remainder when 28 is divided by h?
4
Suppose -141 = -4*r - 2*k - k, -4*r = 5*k - 139. Let s = 88854 - 88726. What is the remainder when s is divided by r?
20
Calculate the remainder when 661 is divided by -6 + (203/28)/(((-2)/8)/(-1)).
17
Let j(b) = 5*b - 4*b + 242 - 84 + 3*b. Calculate the remainder when j(-19) is divided by 25.
7
Let f = 1273 + -493. Calculate the remainder when f is divided by 46.
44
Suppose -216*f + 220*f = 8. Suppose 0 = 2*d + 5*z + 15, 0*d + 2*z = -f*d. Calculate the remainder when d is divided by 4.
1
Let j(g) = g**3 + 23*g**2 - 36*g - 1243. Let d(m) = -m - 1. Let p be d(1). What is the remainder when j(-22) is divided by (-72)/p*(-3)/(-6)?
15
Let x be ((-1)/((-4)/(-6)) + -1)*4. Let h be 222/4 + -1 + 5/x. Let o = 70 - h. What is the remainder when 63 is divided by o?
15
Suppose 28*w = 29*w - 11. Suppose -12 = -3*t - 3*h, 7 - w = t + 3*h. Calculate the remainder when 39 is divided by t.
7
Let v(a) = -14*a**2 + 382*a - 65. What is the remainder when 162 is divided by v(27)?
33
Let b(q) = -44*q + 515. Calculate the remainder when 1551 is divided by b(0).
6
Let g = 885 - 870. What is the remainder when ((-1490)/30)/(1/(-3)) is divided by g?
14
Let x(r) = 3*r**2 + 106*r + 1362. What is the remainder when x(-12) is divided by 127?
14
Suppose -3*q - 5*l + 2*l + 246 = 0, 3*q - 242 = l. Suppose 0 = -4*z + 5*a + 105 + 4, -2*z = -2*a - 52. Calculate the remainder when q is divided by z.
18
Let w = 123 - 118. What is the remainder when 12/w*(6 + 114) is divided by 73?
69
Suppose 129 = -n + 2*n. Let y = n - 115. Calculate the remainder when 39 is divided by y.
11
Let u(n) = -n**3 - 5*n**2 + n + 2. Let v be u(-5). Let s(b) = b**2 - 9*b + 3. Calculate the remainder when s(v) is divided by 22.
17
Suppose 2*h - 3*h - 55 = -4*i, 0 = -5*i + 5*h + 80. Suppose 0*y - 3*y + 12 = 0. What is the remainder when ((-235)/10)/((-2)/y) is divided by i?
8
Calculate the remainder when 159 is divided by 8*(-7 + 72/16 - -4).
3
What is the remainder when ((-56427)/(-56))/((-390)/80 - -5) is divided by 139?
138
Let u(p) = -5*p + 36. Let x be u(8). Let b be (3 - (x - -5))*1. Calculate the remainder when 36 is divided by (b - 1) + (-2 - (3 - 19)).
6
Suppose 2*o - 15 - 73 = 32. What is the remainder when 2037 is divided by o?
57
Suppose 742*l - 241*l - 44869 = 8738. What is the remainder when l is divided by -4 + (-2 - (-41)/1)?
2
Suppose -36*z + 184593 = -217059. What is the remainder when z is divided by 20?
17
Let u = 306 - 286. Suppose 0*b - u*b = -600. Calculate the remainder when 359 is divided by b.
29
Let l be (6/(-4))/(21/(-196)). Suppose w - 14 = l. Calculate the remainder when (82 - 1)*3/3 is divided by w.
25
Let t(o) = o**2 - 24*o - 123. Calculate the remainder when 1532 is divided by t(-5).
14
Suppose 7*n - 98 + 56 = 0. Suppose 4*p - 169 = -3*h, h + n*p - 8*p = 53. What is the remainder when 105 is divided by h?
50
What is the remainder when (-1)/(((-31)/(-248))/((-55)/4)) is divided by 58?
52
What is the remainder when (189/(-15))/((-1355)/75 - -18) is divided by 137?
52
Suppose 0 = 3*b - 3, -3*g = 2*b - 10 + 2. Let r be -58 + 98 - (1 - -11). Let a = g + r. What is the remainder when 56 is divided by a?
26
Let i = -625 + 504. Let o = i + 133. Calculate the remainder when 17 is divided by o.
5
Suppose 0 = 4*u - 5*g - 81 - 1382, -5*g = -3*u + 1096. Let w = -323 + u. What is the remainder when 123 is divided by w?
35
Let k = 39463 + -30938. What is the remainder when k is divided by 52?
49
Suppose 5*x = -2*j - 19, 2*x - j + 4 = -9. Let a(q) = 23*q - 1. Let z be a(x). Let u = z + 128. Calculate the remainder when 155 is divided by u.
11
Let v = -14113 + 24095. What is the remainder when v is divided by 208?
206
Let b(y) = -2*y**3 + 2*y**2 - y - 1. Let k = 92 - 81. Suppose -p - 5*h = -94, 9*p - 2*h + 180 = k*p. What is the remainder when p is divided by b(-2)?
14
Suppose 41*s - 6739 - 641 = 0. Calculate the remainder when s is divided by 26.
24
Calculate the remainder when (72/10)/(436/67035) is divided by 219.
12
Let m = 21819 + -21474. What is the remainder when 1139 is divided by m?
104
Let f = 8492 - 2281. Calculate the remainder when f is divided by 56.
51
Let p = -897 - -907. Calculate the remainder when 387 is divided by p.
7
Suppose -17*w + 61200 = 19*w. Suppose 193*x - 197*x = -w. What is the remainder when x is divided by 39?
35
Let y(q) = 2*q**3 + 10*q**2 + q + 4. Let w be y(-5). What is the remainder when w/(2*(-7)/4634) is divided by 83?
82
Suppose -2*k = -5*q - 4, 3*k = q + q + 6. Suppose -615*n = -617*n + 80. What is the remainder when n is divided by k?
0
Let t = -9161 + 10314. Calculate the remainder when t is divided by 17.
14
Let j(g) = g**2 - 4*g + 10. Let x be j(4). Let f be -32 - (-5)/(x/6). Let d = f + 71. Calculate the remainder when 167 is divided by d.
41
Let f = 57 - 51. Let s(h) = h**2 - 2*h - 4. What is the remainder when s(f) is divided by 8?
4
Suppose -2*q + 106 = 4*v, -q + 3*q = -2*v + 102. Suppose 3*m - 223 = -5*i + 4*m, -2*m = i - q. Calculate the remainder when i is divided by 16.
13
Let k(i) = -322*i - 8958. Calculate the remainder when 194 is divided by k(-28).
20
Suppose 2*k - 40536 = -a, -k + 1725*a = 1721*a - 20241. Calculate the remainder when k is divided by 36.
33
Suppose 216 = 2*z - 5*x + 27, 4*x = -2*z + 198. Let k = z - 90. What is the remainder when 2/(-12) - (-103)/6 is divided by k?
3
Suppose -j + 889 = -3*l, 0 = 4*j + l - 508 - 3113. Suppose 525 = 3*c + 4*z, 6*c - c - 3*z = j. Calculate the remainder when c is divided by 11.
3
Suppose 158*z - 153*z = 215. Let a be (-2 + 1)*(-6)/6 + -38. Let g = -22 - a. Calculate the remainder when z is divided by g.
13
Suppose -10 = -7*t - 3. Let p be (16/72)/(t/9). Suppose b + i + 62 = p*b, -2*b + 118 = 4*i. What is the remainder when b is divided by 31?
30
Let k(n) = -8*n - 30. Suppose 10*h - 4033 + 1553 = 0. Calculate the remainder when h is divided by k(-10).
48
Suppose r = 1 + 3. Suppose 3*w = r*a + 218, 2*w + 4*a - 46 = w. Let k = w - 58. Calculate the remainder when 71 is divided by k.
7
Let l = -6376 + 6561. Calculate the remainder when 11098 is divided by l.
183
Let n(i) = -2*i**3 + 3*i**2 + 8*i - 9. Let u be n(4). Let a = u + 48. Calculate the remainder when 24 is divided by (-128)/a + -2 + 16/9.
10
Let l(r) = 9*r**2 + 110*r + 401. Calculate the remainder when 769 is divided by l(-8).
90
Let g(s) = 21*s**2 + 2*s - 1. Let c be g(-1). Let k(f) = f**3 - 20*f**2 + 35*f + 78. What is the remainder when 229 is divided by k(c)?
49
Let d(t) be the first derivative of -t**2/2 + 13*t - 23. Let u be d(8). Let p = 37 - u. Calculate the remainder when p is divided by 17.
15
Suppose x + 2*o = -2, -4*x - 5*o + 3 - 5 = 0. Let a(v) = 10*v**3 - v**2 + v. Let n = -6 - -28. Calculate the remainder when a(x) is divided by n.
12
Let o(z) = -8*z**3 + 3*z**2 + 4*z + 1. Let v be o(-1). Suppose 137 + 79 = v*a. Calculate the remainder when a is divided by 10.
7
Suppose 407*b - 402*b = -h + 181, -2*h + 4*b = -390. Calculate the remainder when 1146 is divided by h.
0
Suppose -3*m + x + 2*x = 9, 4*m + 2*x + 36 = 0. Let k(y) = y**2 - 3*y - 48. What is the remainder when 42 is divided by k(m)?
20
Let z(p) = 8*p**2 + p**2 + 26*p + 78 - 8*p**2 - 4*p. What is the remainder when z(-23) is divided by 1/(-3) - 19/(-3)?
5
Let w be (-136)/(-7) + 66